59224818?
8
What is the thousands digit of 131718225?
8
What is the hundred millions digit of 201292901?
2
What is the billions digit of 5483859036?
5
What is the thousands digit of 779515941?
5
What is the thousands digit of 5840627519?
7
What is the ten thousands digit of 397898688?
9
What is the thousands digit of 3031913875?
3
What is the millions digit of 190278404?
0
What is the billions digit of 4755492097?
4
What is the millions digit of 161239814?
1
What is the thousands digit of 428914275?
4
What is the hundred thousands digit of 4261713933?
7
What is the thousands digit of 20865150?
5
What is the hundreds digit of 1371272016?
0
What is the ten thousands digit of 112128906?
2
What is the hundred thousands digit of 240816542?
8
What is the hundred thousands digit of 399290877?
2
What is the tens digit of 52166510?
1
What is the hundred thousands digit of 607209278?
2
What is the thousands digit of 150086988?
6
What is the thousands digit of 373954804?
4
What is the ten thousands digit of 125910681?
1
What is the hundred thousands digit of 37232315?
2
What is the hundred millions digit of 2232396358?
2
What is the hundred thousands digit of 150365555?
3
What is the hundred thousands digit of 136472388?
4
What is the ten thousands digit of 919786107?
8
What is the units digit of 288488681?
1
What is the units digit of 2681743015?
5
What is the units digit of 128879262?
2
What is the millions digit of 803813018?
3
What is the millions digit of 19555028?
9
What is the units digit of 554370197?
7
What is the tens digit of 196804421?
2
What is the thousands digit of 160625882?
5
What is the ten thousands digit of 5652649090?
4
What is the ten thousands digit of 2165252334?
5
What is the billions digit of 6729633522?
6
What is the hundred millions digit of 127508505?
1
What is the ten millions digit of 118405558?
1
What is the thousands digit of 263693523?
3
What is the ten thousands digit of 29135282?
3
What is the hundreds digit of 1854597?
5
What is the thousands digit of 6123275?
3
What is the ten millions digit of 94088626?
9
What is the units digit of 249718189?
9
What is the tens digit of 151004754?
5
What is the ten millions digit of 928351312?
2
What is the thousands digit of 26542026?
2
What is the hundred millions digit of 3432615459?
4
What is the tens digit of 197441628?
2
What is the hundreds digit of 151768335?
3
What is the hundreds digit of 420675579?
5
What is the billions digit of 5204806401?
5
What is the ten millions digit of 58949106?
5
What is the thousands digit of 116835794?
5
What is the hundreds digit of 1275147720?
7
What is the ten thousands digit of 3208610238?
1
What is the hundred thousands digit of 2249015541?
0
What is the hundreds digit of 1955108223?
2
What is the tens digit of 334991952?
5
What is the hundred millions digit of 142257402?
1
What is the ten thousands digit of 31920886?
2
What is the units digit of 2914082834?
4
What is the units digit of 1700082549?
9
What is the thousands digit of 504563519?
3
What is the ten millions digit of 846337997?
4
What is the ten millions digit of 25831147?
2
What is the thousands digit of 4581421252?
1
What is the ten millions digit of 48785562?
4
What is the thousands digit of 140557235?
7
What is the hundreds digit of 109508210?
2
What is the ten thousands digit of 380337688?
3
What is the ten thousands digit of 401562425?
6
What is the ten millions digit of 520463930?
2
What is the millions digit of 4922232560?
2
What is the thousands digit of 48059504?
9
What is the tens digit of 1349552645?
4
What is the hundred thousands digit of 643712398?
7
What is the tens digit of 46804321?
2
What is the ten millions digit of 702966963?
0
What is the thousands digit of 66041211?
1
What is the units digit of 101278292?
2
What is the ten thousands digit of 4241921957?
2
What is the units digit of 858760450?
0
What is the units digit of 2911892?
2
What is the hundreds digit of 515359302?
3
What is the units digit of 201610391?
1
What is the ten millions digit of 5756353554?
5
What is the millions digit of 307472810?
7
What is the hundred millions digit of 483104277?
4
What is the units digit of 2527022676?
6
What is the tens digit of 153646355?
5
What is the hundred thousands digit of 2214953094?
9
What is the hundreds digit of 71599914?
9
What is the tens digit of 252416483?
8
What is the thousands digit of 126124933?
4
What is the millions digit of 407933859?
7
What is the ten millions digit of 1256245859?
5
What is the ten thousands digit of 6039880?
3
What is the tens digit of 1224351?
5
What is the tens digit of 5574286?
8
What is the thousands digit of 3422495242?
5
What is the millions digit of 185284779?
5
What is the hundred millions digit of 1178268182?
1
What is the ten millions digit of 323844517?
2
What is the hundreds digit of 37418542?
5
What is the hundreds digit of 448231543?
5
What is the millions digit of 36218210?
6
What is the millions digit of 35722353?
5
What is the thousands digit of 3783770722?
0
What is the units digit of 281520544?
4
What is the millions digit of 525594774?
5
What is the thousands digit of 64436541?
6
What is the units digit of 651468827?
7
What is the hundred thousands digit of 381487753?
4
What is the millions digit of 2760064310?
0
What is the units digit of 2365253227?
7
What is the millions digit of 152413258?
2
What is the units digit of 121629035?
5
What is the thousands digit of 112497330?
7
What is the thousands digit of 63084022?
4
What is the tens digit of 707924671?
7
What is the ten thousands digit of 135139468?
3
What is the hundreds digit of 74750551?
5
What is the billions digit of 4487910743?
4
What is the ten thousands digit of 707274401?
7
What is the hundreds digit of 40166245?
2
What is the millions digit of 1325166377?
5
What is the tens digit of 116334473?
7
What is the millions digit of 1916238872?
6
What is the ten thousands digit of 4714018690?
1
What is the units digit of 792139842?
2
What is the ten thousands digit of 970963120?
6
What is the hundreds digit of 187295277?
2
What is the hundreds digit of 92354022?
0
What is the hundreds digit of 1393793960?
9
What is the hundred thousands digit of 177673998?
6
What is the ten millions digit of 116851156?
1
What is the hundreds digit of 42548891?
8
What is the hundred millions digit of 557037920?
5
What is the hundreds digit of 1414387565?
5
What is the hundreds digit of 3534029017?
0
What is the millions digit of 61749802?
1
What is the thousands digit of 62332127?
2
What is the ten millions digit of 30968249?
3
What is the tens digit of 39761631?
3
What is the hundreds digit of 53230401?
4
What is the hundred millions digit of 525873172?
5
What is the hundreds digit of 37383947?
9
What is the millions digit of 38412320?
8
What is the ten millions digit of 1165437884?
6
What is the units digit of 80471513?
3
What is the thousands digit of 84426619?
6
What is the units digit of 34187714?
4
What is the tens digit of 1274238?
3
What is the ten thousands digit of 1743556781?
5
What is the thousands digit of 379874549?
4
What is the ten millions digit of 171673773?
7
What is the hundred thousands digit of 4288646692?
6
What is the thousands digit of 268030401?
0
What is the ten millions digit of 36646482?
3
What is the units digit of 426150954?
4
What is the thousands digit of 14333228?
3
What is the hundred millions digit of 2065955348?
0
What is the hundred thousands digit of 171119177?
1
What is the hundred millions digit of 130498275?
1
What is the hundred millions digit of 751996319?
7
What is the tens digit of 123721204?
0
What is the tens digit of 84041996?
9
What is the units digit of 5219038591?
1
What is the ten millions digit of 1410277428?
1
What is the thousands digit of 12328138?
8
What is the hundreds digit of 209292062?
0
What is the hundreds digit of 1014869000?
0
What is the ten millions digit of 1027121665?
2
What is the ten millions digit of 62227410?
6
What is the tens digit of 243085157?
5
What is the hundred thousands digit of 575731245?
7
What is the units digit of 653166083?
3
What is the hundred millions digit of 917586344?
9
What is the units digit of 69500810?
0
What is the ten thousands digit of 122433372?
3
What is the hundr